l + 32, -2*y - y + 84 = 3*l. Suppose -l = -r - 2*r. List the prime factors of r.
2
Let u(x) = x**3 + 9*x**2 + 7*x - 7. Let z be u(-9). Let q = -33 - z. What are the prime factors of q?
37
What are the prime factors of (-5)/20 - 501/(-4)?
5
Suppose 3*c + 306 = 5*c. What are the prime factors of c?
3, 17
Let o = 20 - 11. Suppose -o = -5*d + a - 2*a, 2*d + 4*a = 0. Suppose -s = -d*s + 2. List the prime factors of s.
2
Suppose q - 2*q + 3 = -2*y, 21 = 3*q - 2*y. Let n = 15 + q. Suppose 5*p - n = 36. List the prime factors of p.
2, 3
Let s = 10 - -51. List the prime factors of s.
61
What are the prime factors of (-1010)/(-20)*1*4?
2, 101
Let q(j) = -j**3 - j**2 - j + 3. Let o be q(0). Suppose 2*p - 2*v + 1 = -3*p, -4*p + o*v = 5. Let w = 6 - p. List the prime factors of w.
5
Let i be 2/(-5) - (-24)/10. Suppose -i*j - 3*w + 22 = 0, 2*w - 26 = -j - j. List the prime factors of j.
17
Let o(n) = n + 10. Let w be o(-7). Suppose w*i - 124 = i. Suppose 2*p - 48 = -p - 3*y, 3*y = -4*p + i. What are the prime factors of p?
2, 7
Suppose 3*a - 340 = -2*a. Suppose -4*b + a = -124. List the prime factors of b.
2, 3
Suppose -2 = -3*n - 2*b - 12, -25 = 5*b. List the prime factors of -1 + 14 + (0 - n).
13
Suppose -4*p - 8*d = -3*d - 9, -17 = 3*p - d. Let k be (2/(-1))/(4/(-14)). Let q = p + k. List the prime factors of q.
3
Suppose 2*c = 8*c - 114. What are the prime factors of c?
19
Let r be (-2 - -2)/2 + -4. List the prime factors of r/14 - 132/(-21).
2, 3
Let f be 5*((-11)/(-5) - 3). Let y = f + 6. List the prime factors of y.
2
Let i = -68 - -92. What are the prime factors of i?
2, 3
Suppose 3*s - 2*s = 37. List the prime factors of s.
37
Suppose -6 = 2*b + 4*s, 2*s + 7 = b - 6. Suppose 0 = 4*t + t + b. Let o = 3 + t. What are the prime factors of o?
2
Suppose -3 + 6 = m. Let u(l) = -14*l - 4. Let h be u(-4). Suppose -w = m*w - h. What are the prime factors of w?
13
What are the prime factors of 1/(-1 + (-820)/(-815))?
163
Let w = 4 - 9. Let f(v) = v**3 - 5*v**2 - v + 5. Let j be f(4). Let q = w - j. What are the prime factors of q?
2, 5
Let b be (8 - 2)/(3 - 1). What are the prime factors of 4 - (-3 - 0/b)?
7
Let t = 1 + 1. Suppose 0 = -3*q + t*l + 7, -q - 4*l - l = -8. Suppose -q = d, 3*b + 72 = 8*b - 4*d. List the prime factors of b.
2, 3
Let t be -2 - (-151 - (-1)/(-1)). Let h be (-1)/((-2)/t) + -3. Suppose 0 = -4*d - 4*n + h, 3*d = -0*n - n + 50. What are the prime factors of d?
2
Suppose -8*j + 861 - 149 = 0. List the prime factors of j.
89
Let s(h) = h**2 - 6*h + 2. Let p be s(5). Let n = p + 15. List the prime factors of n.
2, 3
Let d = 10 - 8. Suppose 16 - d = y. List the prime factors of y.
2, 7
Let w(l) = l**2 + l - 4. Let d be w(-5). Let r = d - 9. List the prime factors of r.
7
Suppose 3 = -4*h + 11. Let a be 1 + (4/2)/h. Let i = 3 + a. List the prime factors of i.
5
Let d(x) = -x**2 + 2*x + 1. Let p be d(4). Let q = 10 + p. What are the prime factors of q?
3
Let j(i) = -4*i - 4. Let z be j(-3). List the prime factors of ((-10)/(-4))/(4/z).
5
Suppose 3*v + 25 = -2*v. Let r = v - -8. What are the prime factors of r?
3
Let k(n) = n**3 - 3*n**2 - 3*n + 2. Let b be (-44)/(-10) + (-4)/10. What are the prime factors of k(b)?
2, 3
Suppose -4*c - 255 = -1431. Suppose 0 = 3*l + 2*k - 0*k + 11, -30 = 4*l - 5*k. What are the prime factors of l/2*c/(-35)?
3, 7
Let b = -8 - -32. What are the prime factors of b?
2, 3
Let w = 12 - 10. What are the prime factors of w/(-4)*(-1 + -5)?
3
Suppose 3*b = 475 + 104. What are the prime factors of b?
193
Let v = 42 - -40. What are the prime factors of v?
2, 41
Let y(i) = -i**3 - 4*i**2 - 3*i + 2. Let g be -2 + 1 + 0 - 3. What are the prime factors of y(g)?
2, 7
Suppose 0 = -s - 0*s + y + 3, 5*s - 2*y - 12 = 0. Suppose -6 = -2*n + 82. Suppose -4*l + 5*t + n = 0, s*t - 40 = -4*l + 6*t. List the prime factors of l.
2, 3
What are the prime factors of (-2)/6 + 380/15?
5
Suppose -3*r + 88 = -83. List the prime factors of r.
3, 19
Let s be (3/((-6)/(-74)))/1. Let p = s - 20. List the prime factors of p.
17
Suppose -6*q + q + 1031 = -g, 5*q - 1027 = -3*g. List the prime factors of q.
2, 103
Suppose 2592 = 13*h - 2114. What are the prime factors of h?
2, 181
Let n(h) = -2*h**2 + 2*h + 2. Suppose 7*b - 2*b + f = 10, 2*b - 31 = 5*f. Let o be n(b). Let j = -6 - o. What are the prime factors of j?
2
List the prime factors of (2 - 3)*(0 - 25).
5
Suppose 3*j = 4*k + 8, 2*j + k + 2 = -0*j. Let l(i) = i**3 + 2*i**2 + i + 1. Let r be l(-2). List the prime factors of (r + j)*(-16)/2.
2
Let w(q) = q**2 + q - 3. Let u be (-1)/(0 - 3/(-9)). Let t be w(u). Suppose 0 = -2*p + f + 3, -4*f - t - 1 = -4*p. What are the prime factors of p?
2
Let o(y) = -y**2 - 6*y + 2. Let j be o(-6). Let a be (j - (-21)/(-6))*-2. What are the prime factors of (a/(-9))/(1/(-42))?
2, 7
Suppose 21 = -2*p + 3*p. What are the prime factors of p?
3, 7
Suppose 0 = -5*h - 3*a + 555, 5 = -4*a - 15. List the prime factors of h.
2, 3, 19
Let f(k) = -k**3 + 11*k**2 + 18*k - 17. Let z be f(12). Suppose 3*s - z = p, p = -2*s - p + 42. What are the prime factors of s?
19
Let i(u) = -2*u. Let x be i(-4). Suppose x*p - 24 = 4*p. What are the prime factors of p?
2, 3
What are the prime factors of 561/4 - (-1)/(-4)?
2, 5, 7
Suppose 3*j - 3 = 6*j. Let z = j - -17. What are the prime factors of z?
2
List the prime factors of 38/5*55/22.
19
Let o(h) be the third derivative of h**4/24 + h**2. What are the prime factors of o(8)?
2
Let i(p) = 12*p**2 + 5*p - 10. What are the prime factors of i(-6)?
2, 7
Let s = 257 - 156. List the prime factors of s.
101
Suppose 2*r - 6 = -4*n - 2, -n - 10 = -5*r. Suppose 4*t = r*j + 8*t + 6, 0 = 5*j - 4*t - 41. What are the prime factors of j?
5
Let b(u) = -7*u**3 + 10*u**2 + 8*u - 10. Let r(o) = -3*o**3 + 5*o**2 + 4*o - 5. Let a(k) = 4*b(k) - 9*r(k). List the prime factors of a(-4).
5
Let y = 9 + -11. Let o be y*((-1 - -2) + 1). Let b = 10 + o. List the prime factors of b.
2, 3
Suppose 2*o + 3*g + 24 = 0, 2*o + 2*o - g = -76. What are the prime factors of (-256)/o + (-4)/18?
2, 7
Let m = -88 + 246. List the prime factors of m.
2, 79
Let k = -10 + 20. List the prime factors of 104/k + 14/(-35).
2, 5
Suppose 8*k - 5*k = 90. Suppose k + 15 = 5*h. List the prime factors of h.
3
Let g(m) = m**3 - 7*m**2 + 9*m - 9. Let n be g(5). Let b be 4/(-1 + 5 + -2). List the prime factors of (0 - n) + (0 - b).
2, 3
Suppose 150 = j - p, -3*j + 2*p + 446 = -2*p. What are the prime factors of j?
2, 7, 11
Let n(z) = 2*z. Let y be n(2). Suppose -8 = -y*a, -2*a + 5*a + 16 = 2*j. List the prime factors of j.
11
Let i(o) = -o**2 - 4*o - 1. Let z be i(-4). Let u(n) = 5 + 9*n**2 + n - 5 + 0. List the prime factors of u(z).
2
Let d be (-3 + 4)*(0 - 1). Let q(w) = 6*w**2 - 2*w - 1. What are the prime factors of q(d)?
7
Suppose 0*x + 4*r = 4*x - 20, 2*r - 2 = -4*x. Suppose 3*k = 3*n - n + 35, 5*k = x*n + 61. What are the prime factors of k?
13
Let x = 0 - -3. Suppose 52 = x*k + k. List the prime factors of k.
13
Let k = -39 - -71. Let l be (0 - 0)/(0 + -1). Suppose l*n + 4*n - k = 0. List the prime factors of n.
2
Let n(x) = -x. Let u(p) = 6*p + 2. Let l(v) = -4*n(v) - u(v). What are the prime factors of l(-3)?
2
Suppose 0 = 3*j - 4*c - 85, j + 133 = 6*j + 2*c. List the prime factors of j.
3
Suppose 20*z - 92 = 16*z. Let j = 5 + z. List the prime factors of j.
2, 7
Suppose -3*h + 10 + 62 = 0. List the prime factors of ((-18)/3)/((-9)/h).
2
Suppose 5*j - 27 = 6*j. What are the prime factors of (j/(-18))/(3/56)?
2, 7
Suppose 2*u - 5*p + 0*p - 8 = 0, 3*u - 1 = 2*p. Suppose 0 = -2*i + 3 + 3, -m + 5 = 2*i. What are the prime factors of (-9 - 1/m)*u?
2
Let m be (8/6)/((-2)/(-12)). Let g = -5 + m. What are the prime factors of g?
3
Let m(i) = 2*i - 13. Let r be m(8). Let t(q) = 5*q**2 - q - 3. List the prime factors of t(r).
3, 13
List the prime factors of (-9)/((-63)/(-28))*39/(-2).
2, 3, 13
Suppose 2*d - 5*d = -3*m + 27, -5*m = 2*d - 17. List the prime factors of m.
5
Let t be -2 + 2/1 - -23. Let c be (-2)/3*90/(-12). Suppose 2*h = -c + t. List the prime factors of h.
3
Let w be 6*(-14)/8*-2. Suppose -f + 7 = 2*v + 3*v, 3*f + 2*v = w. What are the prime factors of f?
7
Let o(j) = 2*j - 11. Let v be o(8). Let q be (8/10)/((-1)/(-70)). Suppose -5*d + 4 = z - q, 3*d + v*z - 58 = 0. What